7, 13
What are the prime factors of 3228?
2, 3, 269
List the prime factors of 54251.
54251
What are the prime factors of 48907?
48907
What are the prime factors of 5253?
3, 17, 103
List the prime factors of 9760.
2, 5, 61
What are the prime factors of 17467?
17467
What are the prime factors of 8984?
2, 1123
What are the prime factors of 75400?
2, 5, 13, 29
List the prime factors of 20836.
2, 5209
What are the prime factors of 3182?
2, 37, 43
What are the prime factors of 5554?
2, 2777
What are the prime factors of 32734?
2, 13, 1259
What are the prime factors of 993?
3, 331
What are the prime factors of 13101?
3, 11, 397
What are the prime factors of 1274?
2, 7, 13
List the prime factors of 27885.
3, 5, 11, 13
List the prime factors of 14188.
2, 3547
List the prime factors of 1680.
2, 3, 5, 7
What are the prime factors of 50520?
2, 3, 5, 421
What are the prime factors of 4840?
2, 5, 11
List the prime factors of 1353.
3, 11, 41
What are the prime factors of 13881?
3, 7, 661
What are the prime factors of 6618?
2, 3, 1103
What are the prime factors of 3222?
2, 3, 179
List the prime factors of 35646.
2, 3, 13, 457
What are the prime factors of 58506?
2, 3, 7, 199
List the prime factors of 25750.
2, 5, 103
List the prime factors of 69166.
2, 34583
What are the prime factors of 9225?
3, 5, 41
What are the prime factors of 305?
5, 61
What are the prime factors of 18586?
2, 9293
What are the prime factors of 484?
2, 11
What are the prime factors of 1404?
2, 3, 13
What are the prime factors of 57472?
2, 449
List the prime factors of 37234.
2, 18617
List the prime factors of 946.
2, 11, 43
What are the prime factors of 42312?
2, 3, 41, 43
List the prime factors of 195.
3, 5, 13
List the prime factors of 1198.
2, 599
What are the prime factors of 3016?
2, 13, 29
List the prime factors of 71857.
181, 397
What are the prime factors of 18899?
18899
List the prime factors of 484.
2, 11
What are the prime factors of 1668?
2, 3, 139
List the prime factors of 43910.
2, 5, 4391
List the prime factors of 130139.
181, 719
List the prime factors of 7412.
2, 17, 109
What are the prime factors of 1445?
5, 17
What are the prime factors of 487?
487
List the prime factors of 240.
2, 3, 5
What are the prime factors of 268?
2, 67
What are the prime factors of 498?
2, 3, 83
List the prime factors of 444.
2, 3, 37
List the prime factors of 654.
2, 3, 109
What are the prime factors of 48819?
3, 16273
What are the prime factors of 3643?
3643
What are the prime factors of 88463?
88463
List the prime factors of 17133.
3, 5711
List the prime factors of 7283.
7283
List the prime factors of 15204.
2, 3, 7, 181
List the prime factors of 29776.
2, 1861
What are the prime factors of 1642?
2, 821
List the prime factors of 1293.
3, 431
List the prime factors of 122399.
122399
List the prime factors of 1324.
2, 331
List the prime factors of 726.
2, 3, 11
List the prime factors of 11541.
3, 3847
List the prime factors of 4732.
2, 7, 13
What are the prime factors of 14596?
2, 41, 89
List the prime factors of 826.
2, 7, 59
List the prime factors of 249.
3, 83
List the prime factors of 37792.
2, 1181
List the prime factors of 2568.
2, 3, 107
What are the prime factors of 7578?
2, 3, 421
What are the prime factors of 10169?
10169
What are the prime factors of 2366?
2, 7, 13
What are the prime factors of 1627?
1627
List the prime factors of 3878.
2, 7, 277
What are the prime factors of 87290?
2, 5, 7, 29, 43
List the prime factors of 4490.
2, 5, 449
What are the prime factors of 2118?
2, 3, 353
List the prime factors of 13853.
7, 1979
What are the prime factors of 77343?
3, 7, 29, 127
What are the prime factors of 999?
3, 37
List the prime factors of 7399.
7, 151
What are the prime factors of 93775?
5, 11, 31
What are the prime factors of 1111?
11, 101
List the prime factors of 582.
2, 3, 97
What are the prime factors of 82780?
2, 5, 4139
What are the prime factors of 6918?
2, 3, 1153
List the prime factors of 97946.
2, 48973
List the prime factors of 3056.
2, 191
List the prime factors of 2330.
2, 5, 233
What are the prime factors of 81079?
89, 911
What are the prime factors of 6344?
2, 13, 61
What are the prime factors of 148703?
37, 4019
List the prime factors of 1365.
3, 5, 7, 13
What are the prime factors of 2294?
2, 31, 37
List the prime factors of 4101.
3, 1367
What are the prime factors of 5863?
11, 13, 41
List the prime factors of 9190.
2, 5, 919
List the prime factors of 956.
2, 239
List the prime factors of 1130.
2, 5, 113
What are the prime factors of 1742?
2, 13, 67
What are the prime factors of 1654?
2, 827
List the prime factors of 7335.
3, 5, 163
What are the prime factors of 82?
2, 41
List the prime factors of 7558.
2, 3779
List the prime factors of 807.
3, 269
List the prime factors of 1097.
1097
What are the prime factors of 26187?
3, 7, 29, 43
List the prime factors of 2024.
2, 11, 23
What are the prime factors of 469?
7, 67
List the prime factors of 534.
2, 3, 89
What are the prime factors of 41611?
41611
What are the prime factors of 1369?
37
What are the prime factors of 25099?
19, 1321
List the prime factors of 36455.
5, 23, 317
List the prime factors of 793.
13, 61
What are the prime factors of 18007?
11, 1637
What are the prime factors of 32576?
2, 509
List the prime factors of 5497.
23, 239
What are the prime factors of 670?
2, 5, 67
What are the prime factors of 6960?
2, 3, 5, 29
List the prime factors of 13117.
13, 1009
What are the prime factors of 4353?
3, 1451
What are the prime factors of 16563?
3, 5521
What are the prime factors of 14132?
2, 3533
List the prime factors of 8664.
2, 3, 19
What are the prime factors of 16580?
2, 5, 829
List the prime factors of 11223.
3, 29, 43
List the prime factors of 76998.
2, 3, 41, 313
What are the prime factors of 4218?
2, 3, 19, 37
List the prime factors of 2770.
2, 5, 277
What are the prime factors of 174?
2, 3, 29
What are the prime factors of 27123?
3, 9041
What are the prime factors of 136?
2, 17
What are the prime factors of 5758?
2, 2879
List the prime factors of 21012.
2, 3, 17, 103
What are the prime factors of 59004?
2, 3, 11, 149
List the prime factors of 3822.
2, 3, 7, 13
List the prime factors of 6931.
29, 239
List the prime factors of 1169.
7, 167
List the prime factors of 764.
2, 191
What are the prime factors of 53836?
2, 43, 313
What are the prime factors of 16739?
19, 881
List the prime factors of 4679.
4679
What are the prime factors of 29127?
3, 7, 19, 73
What are the prime factors of 56819?
7, 8117
List the prime factors of 1365.
3, 5, 7, 13
List the prime factors of 128400.
2, 3, 5, 107
List the prime factors of 3334.
2, 1667
What are the prime factors of 5112?
2, 3, 71
What are the prime factors of 5878?
2, 2939
List the prime factors of 13871.
11, 13, 97
What are the prime factors of 10772?
2, 2693
List the prime factors of 9301.
71, 131
What are the prime factors of 8473?
37, 229
What are the prime factors of 2408?
2, 7, 43
List the prime factors of 449.
449
What are the prime factors of 1111?
11, 101
What are the prime factors of 5081?
5081
What are the prime factors of 10003?
7, 1429
What are the prime factors of 2049?
3, 683
What are the prime factors of 443?
443
What are the prime factors of 1167?
3, 389
What are the prime factors of 23440?
2, 5, 293
List the prime factors of 42480.
2, 3, 5, 59
What are the prime factors of 6942?
2, 3, 13, 89
List the prime factors of 7368.
2, 3, 307
List the prime factors of 95680.
2, 5, 13, 23
What are the prime factors of 1871?
1871
What are the prime factors of 16866?
2, 3, 937
List the prime factors of 100284.
2, 3, 61, 137
List the prime factors of 50761.
23, 2207
What are the prime factors of 1548?
2, 3, 43
List the prime factors of 9603.
3, 11, 97
What are the prime factors of 18254?
2, 9127
List the prime factors of 3872.
2, 11
What are the prime factors of 1447?
1447
What are the prime factors of 466?
2, 233
List the prime factors of 34153.
7, 17, 41
List the prime factors of 11242.
2, 7, 11, 73
What are the prime factors of 1820?
2, 5, 7, 13
List the prime factors of 3913.
7, 13, 43
List the prime factors of 75459.
3, 25153
What are the prime factors of 3880?
2, 5, 97
List the prime factors of 13511.
59, 229
List the prime factors of 117869.
311